 - (7 + -9 - 6))
1
What is -2 + (-25 - -5 - -16) - (-1 - 20)?
15
What is -38 + -21 - -30 - 10?
-39
What is the value of (-19 - -17) + -4 + -3 - (5 + -1)?
-13
What is the value of 24 + (-190 + 178 - (1 + -9))?
20
Calculate -7 - (-1 - ((-12 - -2) + 23)).
7
12 - (-15 + 10 + 12) - (-1 - -15)
-9
Calculate 2 - -3 - (125 - 139) - (-1 - -4).
16
What is (-41 - (-16 + -16)) + -27 + 4?
-32
What is the value of 80 + -73 - (0 + -2)?
9
Evaluate (-2 - 4) + 1 + 1 + -15 + 14.
-5
What is 19 - 23 - (-16 - -5)?
7
Calculate -19 + (-6 - -37) + -12.
0
-18 - (67 + -82) - (2 + -26)
21
Calculate (22 - (0 + -2)) + -1664 + 1658.
18
Calculate (41 + -48 - (22 - (1 + 0))) + 2.
-26
What is the value of -25 + (-19 - -46) + 3?
5
What is the value of -9 + (8 - -6) + 5 + -2?
8
Calculate (243 - 248) + (2 + 33 - 0).
30
What is 6 + (5 - 6) + 7 - (-2 - 4)?
18
Calculate -24 + -5 - -4 - (-4 + -2).
-19
Evaluate -4 + (-1 - -2 - 3) - (-13 + 6).
1
What is the value of 6 - ((-25 - -20) + 28)?
-17
What is the value of -1 - ((12 - (0 + 14)) + 1 + -17)?
17
(-9 - (-1 - 3)) + (1 - 0) + 3
-1
What is the value of (8 - 7 - 0) + 8?
9
Evaluate -5 + (-16 - (-21 + 11)).
-11
What is the value of -10 + (15 + (9 - 18) - 10)?
-14
What is -262 + 267 + 0 + -20?
-15
What is (-1 - -11) + (-5 - -4 - 8)?
1
Calculate (-1 - 3) + (3 - 6 - 1) + 21.
13
Evaluate -3 + -4 - (-7 + 4) - -11.
7
What is 0 + 23 + (37 - 62)?
-2
Evaluate (-1 - 1) + 11 + (3 - (-2 + 2)).
12
Calculate -1 + 1 + 0 + 8 + 28 + -43.
-7
What is (-13 - (-6 + (-23 - -7))) + -3?
6
24 - (16 + 9) - 27
-28
What is the value of -5 + (33 - 4 - 15)?
9
What is the value of (-4 - -2) + 0 + (-5 - -1) + 6?
0
Evaluate -65 + -6 + 14 - -17 - -6.
-34
Calculate -2 + 7 + (20 - 24) + 10.
11
Evaluate -5 + 3 + -15 + 20 - 33.
-30
Evaluate 10 + 1 - (-3 + 3 + (-7 - -12)).
6
9 + -1 + -5 - -4
7
Evaluate -21 + 48 + 6 + -66.
-33
143 - 150 - (1 - 4)
-4
What is -42 + 33 - ((-25 - -4) + 6)?
6
Calculate (23 - (39 - 10)) + (2 - 1).
-5
What is the value of 6 - (-20 - -11 - (4 - 3))?
16
What is the value of 1 - (-28 - (-25 - -7))?
11
Calculate (-18 - -14) + (-10 - -44).
30
90 + -91 + 6 + 1
6
-12 + (5 - (-3 - 4))
0
Calculate (3 - 0) + (-8 - (3 - 7) - -1).
0
What is -10 - (-8 + (-10 - (5 - 17)))?
-4
What is 1 + 6 + (-3 - 0) + -6?
-2
What is the value of 23 - (15 - (13 + -13))?
8
11 - (0 + 0 + -63 + 65)
9
Evaluate 1 + (8 - (3 + 9)) + -10.
-13
-9 + (-4 - 4) + 12 - -6
1
What is -9 + (0 + 0 - (-9 + -1)) - 10?
-9
Evaluate -8 + (-38 - -45) + (-1 - -6).
4
What is the value of (2 + -3 - -1) + (210 - 221)?
-11
22 + -20 + -21 + 23
4
What is the value of (-5 + (-1 - 15) - -7) + 34?
20
What is -50 - -50 - (-1 + (11 - 1))?
-9
53 - (-9 + 32 - -4)
26
Calculate (-40 - -5) + 13 + (8 - 0).
-14
Calculate -3 + (1 - -37) + -49.
-14
Evaluate -3 - (-11 + (12 - 6) - -11).
-9
What is 16 + (-4 - (-14 + 11) - -7)?
22
Evaluate 1 - 16 - (3 + 0) - (-14 + 10).
-14
Calculate -9 + (-3 + (10 - 6) + -3 - -7).
-4
Evaluate 4 + -9 + (6 - 0) + (14 - 0).
15
What is 5 - (-29 + 4) - (-19 + 24 + -14)?
39
4 + (11 - (-9 + 11)) + 5 + 1
19
Evaluate 9 - (44 + -31 - (-1 + 10)).
5
Evaluate 2 + (25 - 17) - (9 + -1).
2
What is 2 + (46 - 5) - (16 - (7 - -2))?
36
0 + -23 + (-24 - -6 - -21)
-20
Calculate -8 + (-14 - -17 - 28).
-33
Calculate (-1 + -2 - (-19 - -22)) + -6 + -6.
-18
What is the value of 127 - (-4 - -131) - (-12 + (1 - 2))?
13
What is the value of 12 - 25 - -16 - 13?
-10
Calculate 228 + -209 + (-16 - 0).
3
What is the value of 17 + -23 + (-3 + -2 - (0 - -3))?
-14
(-6 + 0 - (-29 + (43 - 24))) + 2
6
What is 38 + -16 + -59 + 24?
-13
Evaluate (3 - (-13 + 11 + -5)) + (3 - 48).
-35
Calculate 11 + (-5 - (-7 + 21 + -10 - 8)).
10
What is the value of 20 + -13 + -50 + 21?
-22
Calculate -15 + (-2 - (-1 - -4 - 8)).
-12
-50 + 58 - (1 - 3 - -4)
6
Evaluate 9 - (10 + (24 + -1 - (96 + -91))).
-19
What is 1 + -30 - (632 - 653)?
-8
What is the value of (6 - 13) + -10 + 23?
6
19 + -65 + 6 - -25
-15
Evaluate 198 + -208 - (0 + -2).
-8
-12 + (6 - (67 + -43))
-30
Evaluate 6 - (18 - (6 + -3)).
-9
What is the value of -12 + (11 - -7) + -14 - -4?
-4
Calculate -15 - (-12 - (2 + 13)).
12
9 + 1 + -18 + 1 + (4 - 0)
-3
Calculate 13 + -6 + 14 - 15.
6
Evaluate -4 + (1 + 7 - 0) - -1.
5
-7 - -1 - (-5 - (23 + -8))
14
Evaluate (3 + -4 + 4 - 4) + -7.
-8
Evaluate 149 - 152 - (7 + 1).
-11
What is the value of 21 + (-42 - (-20 + -9))?
8
Evaluate (0 - -16) + 61 + -60 + -37.
-20
Evaluate -8 + 0 + 6 + -2 + (-1 - -14).
9
Evaluate (3 + -1 - -5) + (67 - 69) + 8.
13
What is (-12 + -4 - -9 - -2) + 1?
-4
Calculate 1 + (0 - -1) - (-5 + 15 - 2).
-6
Calculate -15 - ((10 - 11 - (-7 + 11)) + 6).
-16
26 + (6 - 13 - 5 - -6)
20
What is -17 + 23 + -20 + 8?
-6
What is the value of 27 + 2 - (-54 + 108)?
-25
What is the value of (-8 - 2) + 1 - (905 + -937)?
23
1 - -2 - (-1 + 8 - (-2 + -1))
-7
What is the value of -64 - (-99 - -27) - (2 + -2 + 5)?
3
-2 + -5 + 5 + 4 - 6
-4
Evaluate -35 - (-22 - -16 - 15).
-14
Calculate 230 + -242 + (-2 - -2) - (0 - 2).
-10
Calculate -9 + 12 + -7 + 17.
13
What is -13 - (-30 + 14 + 15)?
-12
-11 + 11 + -8 + -4 + -6
-18
What is 11 - 32 - (-11 + 4 + -2)?
-12
Calculate (-2 - 1) + 26 + -12 + -23 + -20.
-32
What is the value of (1 + -6 - -7) + -3 + 8?
7
-14 - (25 - 13 - 41) - -7
22
Calculate -7517 + 7497 - (1 - (0 - -7)).
-14
(23 - 64 - -19) + -5
-27
What is the value of 7 + 1 + 17 + -3 + 26 + -18?
30
(33 - 6 - -3) + -15
15
Evaluate 26 + -83 + 24 + -1.
-34
Evaluate 7 - (-5 + 16) - -4 - 8.
-8
What is the value of (-10 - -2) + -10 + (-4 - (-1 - 7))?
-14
What is 0 + -16 + (4 - (-16 + 6))?
-2
Evaluate (115 - 125) + (2 - -18).
10
-1 - (4 + -2 + -5 + 3 - 1)
0
Evaluate (24 + 16 - 19) + 2 + 0.
23
Calculate -1 - (0 + -3 + 2 - 5 - -15).
-10
Evaluate (16 - 10) + -2 + (-16 - 2 - -1).
-13
What is 744 + -748 + 2 + 0 + -3 + 25?
20
What is -72 + 70 - (13 - 2) - 10?
-23
Calculate (-3 - -19) + (-1 + -1 - (-1 + 5)).
10
Evaluate -3 + 4 + 3 + (2 - (6 - 4)).
4
What is -29 - (10 + -9) - (-13 + 1)?
-18
What is the value of 47 - (3 + -18 + 13 + 9)?
40
What is -1 - (-12 + 1 - (12 - 17))?
5
Calculate -11 - (23 + -23) - -47.
36
Evaluate -2 + (7 - 1) + (-6 - -1) + 4.
3
Evaluate -4 + -1 + (-29 - (-22 - 3)).
-9
Evaluate 10 + 13 + 4 + 13 + -25 + 11.
26
What is the value of -15 + (-41 - -25 - -29)?
-2
What is the value of 5 - (3 + 1 - (6 + 1 + -12))?
-4
16 + (-1 - (-3 - -3) - (-14 + 17))
12
What is 13 - (-19 + 36 + -7)?
3
59 + -65 + -3 + -24 + 5
-28
What is the value of (9 - (1 + 0)) + -1486 + 1483?
5
Calculate 5 - (-9 + (7 - 11) + 8) - -3.
13
7 - 6 - -11 - 11
1
What is the value of -3 + -1 - (-2 - (-11 - (-8 + 4)))?
-9
-1 + 11 + (14 - (-26 - -47))
3
What is the value of 2 - (9 - (-4 + 14)) - (-21 - -1)?
23
Evaluate (-148 - -163) + 2 + 0 + (-1 - 8).
8
What is 5 + -1 + (31 + -34 - -10)?
11
Evaluate (5 - (25 - 14)) + 5.
-1
What is the value of (1 - 0 - (6 + -12 + 5)) + -11?
-9
What is the value of -4 + -7 + 4 + (7 - (-1 - -5))?
-4
What is -2 + -2 + 6 - (-47 + 38)?
11
-2 + (6 + -6 + -1 - -17) - -1
15
What is the value of 4 + (-1 - 0) - 3 - (0 - -6)?
-6
What is the value of 1 + 27 - (19 - 7 - (14 + -5))?
25
What is (-2 - (4 - 4)) + -27 + 33?
4
Evaluate (-12 - (4 + -22) - 0 - -3) + -33.
-24
(-6 - (-10 - (1 + -10))) + 17
12
Evaluate 13 - (-5 - (-2 - -11 - (21 - 15))).
21
What is the value of 5 + (9 + -12 - 12)?
-10
What is the value of 1 + 1 + -2 + 1 + 15 - -5?
21
(-193 - -167) + 14 + -4
-16
Calculate -8 + 4 + -1 - (27 + -9).
-23
What is the value of (-52 - -57) + -23 + 12 + -1?
-7
Evaluate (-10 - ((-3 - 0) + 1)) + (39 - 36).
-5
What is the value of -15 + -24 - -17 - -15?
-7
Calculate -9 + 2 - (-14 + (6 - 2)).
3
Calculate 18 + 0 - (-15 + (14 - -5) + 4).
10
Calculate -11 + (12 - (2 + 23 + -2)).
-22
What is 16 + -2 - (-6 + 23)?
-3
What is the value of 10 - (19 + -38 - -25)?
4
What is (18 - 62) + 48 + -16?
-12
Calculate -9 + 11 + 0 - -8 - 11.
-1
Calculate 9 + -16 + -4 + 6 + 15.
10
What is (3 - (-4 - (-9 + 1) - 10)) + -6?
3
Calculate 20 + (-13 - -7) - 5 - -5.
14
10 + -32 + 12 + -4
-14
What is the value of 2 + -5 + 1 + 13 + -23 + 4?
-8
What is 9 + 2 - (10 + -1 + -8 - 8)?
18
What is the value of 7 + -5 - (-1 - -1) - 7?
-5
What is 12 + (7 - 8) - (16 + 32)?
-37
-10 - (8 - 7) - -11
0
2 + -11 + 2 + 3
-4
Calculate 0 + 4 + (23 - (-10 - -34)).
3
What is (2 + 0 - 2) + (165 - 158)?
7
7 + (-19 - -16 - 8)
-4
-6 + 8 + 1